 + y**2 + 13. Calculate d(0).
13
Let t(f) = -3*f + 123. What is t(44)?
-9
Let p(c) = c**3 - 21*c**2 - 351*c + 11. What is p(-11)?
0
Let a(c) = c**3 - c**2 + 2*c + 13. Calculate a(0).
13
Let y(m) = 6*m**3 + 2*m**2 + 2*m + 1. Calculate y(-1).
-5
Let p(o) = -o**3 + 3*o**2 + 6*o. Calculate p(-4).
88
Let j(w) = w**3 - 2*w - 3. What is j(0)?
-3
Let d(m) = -m**2 - 7*m + 1. Calculate d(-4).
13
Let v(x) = -4*x**2 - x - 4. Give v(3).
-43
Let g(n) = 5*n + 2. Give g(-1).
-3
Let d(i) = -5*i**3 - i**2 - 2*i - 26. Give d(0).
-26
Let r(t) = -13*t**2 + 3*t - 4. What is r(2)?
-50
Let y(n) = n**3 + 5*n**2 + 3*n - 3. Determine y(-5).
-18
Let j(a) = a**2 + 12*a - 3. Give j(-12).
-3
Let v(y) = -23*y - 261. Give v(-12).
15
Let o(d) = -2*d + 2. Calculate o(-9).
20
Let f(t) = -t**2 + 8*t - 2. What is f(6)?
10
Let q(v) = 4*v**2 + 56*v - 6. Give q(-14).
-6
Let b(a) = 2*a**2 - 4*a - 4. What is b(-3)?
26
Let u(l) = -3*l**2 - 1. What is u(0)?
-1
Let c(a) = a**3 - 5*a**2 - 12*a - 6. Give c(-2).
-10
Let m(s) = s**3 - 15*s**2 + 13*s + 27. Give m(14).
13
Let h(b) = -b**2 - 3*b + 33. Give h(5).
-7
Let i(h) = 2*h**3 + 8*h**2 + 6*h + 1. Give i(-4).
-23
Let r(i) = 5*i**2 - 5*i - 4. Determine r(-3).
56
Let n(y) = 16*y**2 - 2*y - 4. What is n(-2)?
64
Let w(v) = v**2 - 24*v. What is w(10)?
-140
Let h(u) = -u**3 + 8*u**2 + 31*u - 8. Determine h(-3).
-2
Let s(a) = 2*a**2 + 13*a. What is s(-8)?
24
Let x(b) = b**3 + 5*b**2 + 7*b + 5. What is x(-4)?
-7
Let b(d) = -d**3 + 7*d**2 - d - 3. What is b(8)?
-75
Let x(i) = 4*i + 35. Determine x(-10).
-5
Let l(g) = -8*g + 10. Calculate l(4).
-22
Let z(a) = a**3 - 4*a**2 + 4*a + 6. Determine z(3).
9
Let d(a) = -4*a + 21. Determine d(1).
17
Let h(k) = -2*k**2 - 5*k - 3. Calculate h(-3).
-6
Let u(a) = 10*a + 25. Give u(-11).
-85
Let t(u) = u**2 + 2*u - 7. Determine t(-5).
8
Let h(a) = a**3 - 48*a**2 + 3*a - 149. Determine h(48).
-5
Let i(t) = -t**3 + 5*t**2 + 8*t - 3. Calculate i(5).
37
Let o(i) = -2*i**2 + 44*i - 48. Give o(21).
-6
Let f(o) = -o**3 + 7*o**2 + o - 12. Give f(7).
-5
Let f(o) = 5*o - 4. What is f(2)?
6
Let d(i) = 2*i**3 + 15*i**2 - 10*i - 18. What is d(-8)?
-2
Let g(z) = z - 3. Determine g(4).
1
Let p(l) = -l + 26. Determine p(6).
20
Let s(n) = n**2 + 3*n - 31. Determine s(5).
9
Let z(q) = -q**3 - 64*q**2 - 122*q + 123. Determine z(-62).
-1
Let z(v) = -6*v**2 - 3*v - 6. Give z(5).
-171
Let p(i) = -i**2 + 15*i - 38. Determine p(12).
-2
Let k(y) = y**3 - 7*y**2 + 5*y - 2. Give k(6).
-8
Let f(t) = -17*t + 1076. Calculate f(63).
5
Let a(t) = -t**3 + 11*t**2 - 8*t - 13. What is a(10)?
7
Let w(n) = 28*n - 16. Give w(3).
68
Let x(u) = -2*u - 30. Determine x(-18).
6
Let d(q) = 25*q - 12. What is d(1)?
13
Let y(u) = -u**2 + 13*u + 2. What is y(11)?
24
Let x(y) = y**3 - 10*y**2 + 3*y - 20. What is x(10)?
10
Let m(y) = -y**2 + 9*y - 9. Calculate m(8).
-1
Let v(r) = -2*r + 4. What is v(-3)?
10
Let b(s) = 13*s**3. Calculate b(1).
13
Let z(a) = a**2 - 7*a - 22. What is z(8)?
-14
Let r(f) = f**3 + 16*f**2 + 13*f + 12. Determine r(-15).
42
Let n(h) = -h**2 - 12*h + 11. Calculate n(-13).
-2
Let m(s) = -s**3 - 10*s**2 - 15*s + 12. Determine m(-5).
-38
Let v(q) = -9*q + 2. Determine v(3).
-25
Let f(h) = 11*h - 2. Determine f(-4).
-46
Let c(p) = p**2 + p + 5. Determine c(-4).
17
Let i(f) = 5*f - 4. Calculate i(3).
11
Let d(r) = -7*r - 116. Calculate d(-18).
10
Let p(x) = 2*x**2 - 12*x + 6. Determine p(6).
6
Let y(v) = -16*v - 2. What is y(-4)?
62
Let k(j) = 2*j**2 + 21*j. What is k(-10)?
-10
Let p(x) = -x - 13. What is p(-6)?
-7
Let c(v) = -2*v**2 - 7*v - 9. What is c(-6)?
-39
Let o(n) = -12*n - 3. Determine o(3).
-39
Let j(b) = -41*b - 78. What is j(-2)?
4
Let x(k) = -k**3 - 12*k**2 + 5. Calculate x(-12).
5
Let n(h) = 2*h**2 - 24*h - 33. Give n(14).
23
Let v(j) = -j**3 + 11*j**2 + 3*j - 18. Calculate v(11).
15
Let q(l) = -l + 17. What is q(6)?
11
Let t(y) = -2*y**3 - y**2 + 2*y + 1. What is t(-2)?
9
Let g(u) = -4*u**3 - u**2 - 4*u + 3. Determine g(2).
-41
Let l(p) = -p**3 + 7*p**2 - 2*p - 3. What is l(7)?
-17
Let k(u) = u**2 + u + 2. What is k(-5)?
22
Let o(t) = t**3 - 28*t**2 + 164*t - 28. What is o(8)?
4
Let l(o) = -o**3 - 8*o**2 - 13*o - 4. Give l(-6).
2
Let b(d) = d - 27. Calculate b(0).
-27
Let d(w) = 5*w - 6. Give d(0).
-6
Let k(x) = -x**2 - 20*x - 8. Give k(-18).
28
Let h(m) = -m**2 + 4*m + 9. What is h(5)?
4
Let d(x) = -x**3 - x**2 - x - 10. Give d(0).
-10
Let k(m) = 14*m - 11. Determine k(3).
31
Let i(w) = -w**2 + 8*w - 11. Give i(4).
5
Let b(n) = -n**3 - 9*n**2 - 2*n - 8. What is b(-9)?
10
Let g(z) = z**2 + 9*z - 22. What is g(-11)?
0
Let a(q) = q**3 - 2*q**2 - 7*q - 29. Calculate a(5).
11
Let s(z) = -62*z + 355. Calculate s(6).
-17
Let w(z) = -z + 27. Determine w(14).
13
Let m(f) = -2*f + 53. Give m(5).
43
Let m(j) = 11*j - 1. What is m(1)?
10
Let m(n) = 9*n + 19. Determine m(-2).
1
Let f(p) = 11*p - 17. Calculate f(5).
38
Let o(q) = q**3 + 4*q**2 - 5*q - 7. What is o(-5)?
-7
Let d(g) = -4*g - 2. Calculate d(-5).
18
Let g(o) = -o**2 + 4*o + 130. Determine g(14).
-10
Let k(t) = t**2 + 6*t - 9. Determine k(-6).
-9
Let d(i) = -2*i**2 + 21*i + 13. Determine d(11).
2
Let s(d) = -8*d - 9. Calculate s(0).
-9
Let j(u) = -6*u - 24. Determine j(-9).
30
Let d(g) = -4*g + 22. Give d(11).
-22
Let v(d) = -3*d**2 - 20*d + 6. Calculate v(-7).
-1
Let g(t) = -6*t**3 + 4*t**2 - 3*t - 1. What is g(1)?
-6
Let k(q) = -q**2 - 26*q - 1. What is k(0)?
-1
Let g(c) = 2*c**2 + 35*c - 32. Determine g(-18).
-14
Let z(y) = -2*y + 17. Give z(-7).
31
Let j(p) = p**3 - p**2 - 7*p - 1. Give j(5).
64
Let w(h) = -4*h - 15. What is w(-10)?
25
Let n(c) = 80*c - 574. Determine n(7).
-14
Let x(z) = z**2 + z - 2. What is x(-2)?
0
Let o(l) = -l**3 - 3*l**2 + 3*l + 6. Determine o(-4).
10
Let u(y) = -y**2 + 25*y - 14. Determine u(24).
10
Let p(g) = -5*g - 68. Give p(-11).
-13
Let a(w) = -w - 2. Determine a(-7).
5
Let j(y) = -5*y + 61. Calculate j(12).
1
Let o(u) = -u**3 - 17*u**2 + 8*u - 13. Determine o(-17).
-149
Let i(t) = -21*t - 227. Determine i(-9).
-38
Let v(d) = 2*d + 48. Calculate v(-23).
2
Let l(t) = t**3 - 11*t**2 + 11*t + 11. Give l(10).
21
Let k(j) = 3*j**2 + 9*j + 18. Determine k(-6).
72
Let k(w) = -2*w**3 + 4*w**2 + 8*w - 1. Determine k(4).
-33
Let t(s) = -16*s - 2. Calculate t(2).
-34
Let b(l) = -l**3 + 11*l**2 + 14*l - 13. What is b(12)?
11
Let c(q) = -q**2 + 17*q - 2. What is c(11)?
64
Let y(a) = -a**2 - 8*a - 7. What is y(-7)?
0
Let f(v) = -v**3 - 7*v**2 + 18*v - 8. Give f(-9).
-8
Let b(o) = o**3 - 5*o**2 - 15*o - 1. What is b(-2)?
1
Let k(j) = -7*j - 24. Calculate k(4).
-52
Let y(u) = 16*u**3. Give y(-1).
-16
Let j(b) = b + 12. Calculate j(-1).
11
Let h(t) = t + 36. Give h(4).
40
Let u(i) = -42*i**2 + 7*i - 9. Calculate u(1).
-44
Let k(y) = y**3 - 13*y**2 - 15*y + 9. What is k(14)?
-5
Let u(s) = -s**3 - 4*s**2 - 2*s - 3. What is u(-4)?
5
Let o(x) = x + 5. Calculate o(-5).
0
Let g(f) = -f**2 - 14*f - 60. Calculate g(-11).
-27
Let m(o) = 87*o**2 - o + 2. Determine m(1).
88
Let r(j) = j**3 + 9*j**2 + 9*j - 10. What is r(-7)?
25
Let u(y) = 35*y + 54. Determine u(-3).
-51
Let o(x) = 2*x**3 + 5*x**2 - x - 9. Calculate o(-2).
-3
Let i(j) = 2*j**2 + 36*j - 24. Calculate i(-19).
14
Let t(c) = -31*c**3 + 2*c**2 - c. Determine t(1).
-30
Let m(v) = v**3 - 21*v**2 + v - 20. Give m(21).
1
Let f(a) = 18*a**2 - 6*a + 11. Give f(3).
155
Let n(p) = -10*p - 6. What is n(-3)?
24
Let y(i) = i + 8. Determine y(-9).
-1
Let f(i) = -i**2 - 35*i - 215. Give f(-28).
-19
Let s(z) = 3*z + 41. Determine s(-11).
8
Let i(f) = f**3 - 7*f**2 + 54*f - 497. What is i(8)?
-1
Let x(k) = k**2 - 1. Give x(2).
3
Let r(j) = -j + 1. Give r(3).
-2
Let f(l) = 2*l**3 + 4*l**2 + 8*l + 12. What is f(-2)?
-4
Let v(r) = r - 23. Calculate v(13).
-10
Let i(h) = 95*h - 1. What is i(-1)?
-96
Let i(c) = c. What is i(2)?
2
Let b(x) = x**3 - 13*x**2 + 2*x - 25. Determine b(13).
1
Let c(a) = -a**3 - 7*a**2 + 8*a + 5. Calculate c(-7).
-51
Let z(r) = r**2 - 22*r + 117. Give z(6).
21
Let u(g) = g**3 + 2*g**2 - 4*g - 7. What is u(-3)?
-4
Let p(x) = -x**2 + 9*x - 11. What is p(2)?
3
Let p(c) = -4*c**3 - 32*c**2 - 3*c - 27. Give p(-8).
-3
Let a(z) = -z + 66. What is a(4)?
62
Let c(a) = -10*a + 18. What is c(2)?
-2
Let d(q) = q**3 - 9*q**2 + 3*q + 26. Give d(8).
-14
Let d(r) = -4*r + 17. What is d(4)?
1
Let v(c) = c**2 + 5*c - 